
What is the tens digit of 2251159742?
4
What is the hundred thousands digit of 215358678?
3
What is the hundreds digit of 228853310?
3
What is the billions digit of 1456397749?
1
What is the hundreds digit of 2370701?
7
What is the millions digit of 64179083?
4
What is the thousands digit of 251745708?
5
What is the thousands digit of 3032773199?
3
What is the millions digit of 5066996801?
6
What is the thousands digit of 82715754?
5
What is the ten millions digit of 1268056423?
6
What is the millions digit of 3091983016?
1
What is the units digit of 397458050?
0
What is the thousands digit of 764048151?
8
What is the ten thousands digit of 660224220?
2
What is the hundred millions digit of 521012883?
5
What is the ten millions digit of 262501169?
6
What is the ten thousands digit of 63339307?
3
What is the ten thousands digit of 227408057?
0
What is the tens digit of 389087306?
0
What is the thousands digit of 217244559?
4
What is the tens digit of 697129284?
8
What is the thousands digit of 376678608?
8
What is the units digit of 67970234?
4
What is the units digit of 15272546?
6
What is the ten millions digit of 76354268?
7
What is the millions digit of 498168642?
8
What is the ten millions digit of 10303700?
1
What is the units digit of 185860589?
9
What is the hundred millions digit of 448029468?
4
What is the millions digit of 88604642?
8
What is the ten thousands digit of 4683592496?
9
What is the hundred thousands digit of 101659922?
6
What is the millions digit of 877522324?
7
What is the hundreds digit of 15530591?
5
What is the millions digit of 101505822?
1
What is the hundreds digit of 10074327?
3
What is the millions digit of 3543165505?
3
What is the ten thousands digit of 111566745?
6
What is the thousands digit of 629016699?
6
What is the ten thousands digit of 3219210992?
1
What is the hundreds digit of 153672118?
1
What is the hundred thousands digit of 589919688?
9
What is the hundreds digit of 334708098?
0
What is the hundred millions digit of 268388824?
2
What is the hundred thousands digit of 271804216?
8
What is the ten thousands digit of 3627868405?
6
What is the thousands digit of 16277492?
7
What is the units digit of 8590146538?
8
What is the tens digit of 438208004?
0
What is the ten thousands digit of 788606897?
0
What is the units digit of 286573752?
2
What is the ten thousands digit of 61263950?
6
What is the tens digit of 6541993310?
1
What is the hundreds digit of 311097007?
0
What is the hundreds digit of 45182880?
8
What is the millions digit of 11358380?
1
What is the hundred thousands digit of 8781587?
7
What is the tens digit of 4210685442?
4
What is the hundreds digit of 175041532?
5
What is the thousands digit of 580069048?
9
What is the hundred thousands digit of 5442623?
4
What is the thousands digit of 72021378?
1
What is the millions digit of 78128040?
8
What is the units digit of 580295331?
1
What is the ten millions digit of 461972615?
6
What is the hundreds digit of 25478169?
1
What is the millions digit of 38959518?
8
What is the units digit of 64457418?
8
What is the hundred millions digit of 164256155?
1
What is the thousands digit of 42392791?
2
What is the hundred thousands digit of 2886795535?
7
What is the millions digit of 153193484?
3
What is the ten millions digit of 189232755?
8
What is the millions digit of 62542085?
2
What is the tens digit of 1470739468?
6
What is the hundred millions digit of 607609661?
6
What is the ten thousands digit of 287786392?
8
What is the ten thousands digit of 1525489922?
8
What is the thousands digit of 126670990?
0
What is the units digit of 276625152?
2
What is the ten thousands digit of 138146161?
4
What is the millions digit of 420865994?
0
What is the hundred thousands digit of 246097449?
0
What is the hundreds digit of 527024475?
4
What is the millions digit of 898608265?
8
What is the ten thousands digit of 6095009022?
0
What is the hundred millions digit of 150104591?
1
What is the hundred thousands digit of 502984776?
9
What is the hundreds digit of 220608543?
5
What is the hundred millions digit of 678007803?
6
What is the millions digit of 732906569?
2
What is the ten thousands digit of 57650527?
5
What is the hundred millions digit of 1212483313?
2
What is the millions digit of 175847630?
5
What is the thousands digit of 6648941?
8
What is the millions digit of 3437233877?
7
What is the ten thousands digit of 2069006076?
0
What is the ten thousands digit of 3007989934?
8
What is the ten millions digit of 18287874?
1
What is the hundreds digit of 208900588?
5
What is the thousands digit of 56330834?
0
What is the billions digit of 1206222212?
1
What is the hundreds digit of 776929161?
1
What is the thousands digit of 355526385?
6
What is the hundred millions digit of 3687084060?
6
What is the millions digit of 77836713?
7
What is the tens digit of 6690978?
7
What is the units digit of 181031252?
2
What is the hundred thousands digit of 164765399?
7
What is the hundreds digit of 624049508?
5
What is the hundred thousands digit of 175213787?
2
What is the thousands digit of 629714738?
4
What is the hundreds digit of 3559639687?
6
What is the thousands digit of 256395589?
5
What is the thousands digit of 88132084?
2
What is the units digit of 27135556?
6
What is the units digit of 15031361?
1
What is the hundred thousands digit of 4170770691?
7
What is the hundred thousands digit of 760392714?
3
What is the hundred thousands digit of 26070563?
0
What is the units digit of 92599094?
4
What is the units digit of 17074818?
8
What is the millions digit of 2847249921?
7
What is the hundreds digit of 704009337?
3
What is the thousands digit of 5809188516?
8
What is the hundred thousands digit of 1388764224?
7
What is the hundred thousands digit of 5164235287?
2
What is the ten thousands digit of 516819194?
1
What is the tens digit of 342633606?
0
What is the ten millions digit of 15051215?
1
What is the thousands digit of 33794250?
4
What is the hundred thousands digit of 938547768?
5
What is the millions digit of 3082826708?
2
What is the millions digit of 373271112?
3
What is the units digit of 402894889?
9
What is the hundreds digit of 16010947?
9
What is the hundred thousands digit of 207493740?
4
What is the tens digit of 704951368?
6
What is the hundreds digit of 277704332?
3
What is the hundreds digit of 275680516?
5
What is the hundreds digit of 804092380?
3
What is the ten millions digit of 80415488?
8
What is the millions digit of 6656449159?
6
What is the ten millions digit of 471041240?
7
What is the hundred thousands digit of 2539165859?
1
What is the hundred millions digit of 154754565?
1
What is the hundreds digit of 513644005?
0
What is the ten millions digit of 1229497845?
2
What is the millions digit of 7578784?
7
What is the hundred millions digit of 478657972?
4
What is the hundreds digit of 272549059?
0
What is the units digit of 79802886?
6
What is the tens digit of 6601267037?
3
What is the hundred thousands digit of 6977475310?
4
What is the thousands digit of 88452238?
2
What is the thousands digit of 68797663?
7
What is the tens digit of 460710892?
9
What is the ten millions digit of 1299547584?
9
What is the millions digit of 768923264?
8
What is the ten millions digit of 197528710?
9
What is the tens digit of 116387906?
0
What is the hundreds digit of 70291592?
5
What is the hundred thousands digit of 194038693?
0
What is the billions digit of 1382845705?
1
What is the thousands digit of 50170291?
0
What is the hundred millions digit of 5126485937?
1
What is the ten millions digit of 855914249?
5
What is the thousands digit of 1366136635?
6
What is the units digit of 362138573?
3
What is the hundreds digit of 151457?
4
What is the hundreds digit of 441708001?
0
What is the millions digit of 111135049?
1
What is the ten thousands digit of 4944832?
4
What is the hundred millions digit of 458842976?
4
What is the tens digit of 767252?
5
What is the hundreds digit of 202862232?
2
What is the tens digit of 1312189432?
3
What is the tens digit of 1396049531?
3
What is the hundred thousands digit of 15726527?
7
What is the thousands digit of 251419057?
9
What is the tens digit of 32507350?
5
What is the millions digit of 1158